 b*v - 2*v - 64 = 0. Suppose -3*n + 15 = 3*k, 0 = 5*k - 5*n - u - 30. Is k composite?
False
Let y be (159*1 - 2) + -2. Suppose -y = 5*q + 5*l, 4*q + 74 + 78 = 3*l. Let t = 81 + q. Is t composite?
True
Let m = 920 - 565. Is m composite?
True
Let q(y) = 6*y - 1. Let d be q(2). Let f = 8 - d. Is 326/(-4)*6/f a composite number?
False
Let l = 8 - 6. Suppose -195 = -t - l*t. Is t prime?
False
Suppose 3*o + 1 = 10. Let i(x) = 2*x**3 - 5*x**2 + 4*x. Is i(o) composite?
True
Let a(w) = -47*w**3 - 5*w**2 + w + 1. Let y(l) = l**2. Let m(f) = -a(f) - 5*y(f). Is m(2) a composite number?
False
Let q(l) = 82*l**2 + 8*l - 1. Is q(-3) prime?
False
Suppose -13 = -5*j + 2*b + 25, -3*j + 25 = b. Let r = -1 - j. Is (r/(-12))/(1/4) a composite number?
False
Let x(u) = -2*u + 0 - 6*u - 3. Is x(-10) a prime number?
False
Let b = -14 + 24. Let z = 4 - 9. Is 218/b - 1/z a composite number?
True
Let x(o) = -74*o**3 + 11*o**2 - 2*o. Let s(a) = -37*a**3 + 5*a**2 - a. Let g(t) = 13*s(t) - 6*x(t). Is g(-1) a prime number?
True
Suppose -195 = -3*k + 3*p, 104 = k + 5*p + 39. Is k composite?
True
Let j(y) = 57*y**2 - 6*y + 7. Let o(l) = -57*l**2 + 5*l - 6. Let n(b) = -6*j(b) - 7*o(b). Is n(1) composite?
True
Let g(p) be the second derivative of p**4/12 + p**3 - 5*p**2 - 5*p. Is g(13) a prime number?
False
Suppose 2*c = 5*r + 1630 + 1451, 2*c - 3121 = -3*r. Is c a composite number?
False
Let m = 5 - 4. Let b(i) = -m - 3*i + 0*i + i**3 + 5*i**2 + 2*i. Is b(-4) a composite number?
False
Suppose -5 = -c + 4*l, 3*c + 2*l - 11 = 4. Let d(o) = -83*o**3 - o**2 - 3*o - 1. Let w be d(-2). Suppose -w = -c*u - 0*u. Is u a prime number?
False
Suppose -4*h - 4*q + 220 = 0, 0 = -h + 4*h + 2*q - 169. Is h a prime number?
True
Let f(b) = -b**3 - 3*b**2 + 5*b - 8. Let a be f(-6). Suppose w - a = -h, w + 190 = 4*h - h. Is h prime?
False
Let x = -13 + 116. Suppose 63 = 2*l - x. Is l prime?
True
Is (3/4)/((-6)/(-54024)) prime?
False
Suppose -2*l - 4 - 6 = 0. Let p = l - -10. Suppose -p*u + 227 + 158 = 0. Is u prime?
False
Suppose -3*b = -4*v + 77, 4*v = -0*v + 20. Let h = -10 - b. Is -2*h/6 - -14 composite?
False
Let y be 1*0/(6/2). Let h be 2/((-4)/15)*-38. Suppose y = -4*f - f + h. Is f a composite number?
True
Suppose 8*d = 43655 + 26849. Is d a prime number?
False
Is (-14590)/(-30) - 2/(-3) prime?
True
Let v(q) = q - 2. Let b be v(5). Suppose b*i - 5*i = -10. Let x(g) = g**2 - 2*g + 4. Is x(i) prime?
True
Let r = 33 - 18. Suppose -5*l + 66 = -m, r - 59 = -2*l - 4*m. Is l composite?
True
Let s = 8 - 6. Let j(u) = -4*u - s*u**2 + 3*u**2 + 0*u**2 - 7. Is j(-6) composite?
False
Suppose -3*s = -0*s + 45. Let u be ((-111)/(-2))/(s/(-20)). Let i = u + -53. Is i a prime number?
False
Let v be ((-4)/(-3))/((-8)/(-12)). Suppose 6*m = v*m + 388. Is m composite?
False
Let o = -18 - -21. Suppose o*i - 227 - 244 = 0. Is i a composite number?
False
Suppose -2*r + 14 = 4, -5*f + 3*r + 11930 = 0. Is f a composite number?
False
Is 6/(-10)*5/(-1) composite?
False
Let m(x) = 31*x + 24. Is m(5) composite?
False
Let d(t) = -64*t + 1. Let z be d(-1). Suppose -19 = -2*b + 5. Let j = z - b. Is j a prime number?
True
Let f(o) = -2*o - o**2 - 2*o**3 - o - 7 + 2*o**2 - 2*o**2. Let c = 8 - 13. Is f(c) composite?
False
Suppose 3*n - 3 = 2*n. Let g = -3 + n. Suppose -3*c - c + 156 = g. Is c composite?
True
Suppose l - c - 60 = 0, 7*c - 3 = 4*c. Suppose -l = -2*i + 93. Is i composite?
True
Let w(m) = 3*m + 3. Let f be w(-3). Let g = 133 + f. Is g a composite number?
False
Suppose -h = -5*x + 3171, -4*x + 3210 = -4*h + 686. Is x a prime number?
False
Let z(u) = 123*u + 2 + 3 + 38*u - 3. Is z(3) prime?
False
Suppose 0 = 6*y - 2138 - 4528. Is y prime?
False
Suppose 0 = 5*k - 0*k - 30. Let b = 99 - k. Is (-2)/(((-24)/b)/4) a composite number?
False
Is (170/(-3))/(30/(-45)) prime?
False
Let f(n) = -n**2 - 2*n. Let v be f(4). Let j be 1/(-4) - 6/v. Suppose 0*i + 5*i - 10 = j. Is i prime?
True
Let s be (143 + 2)*(-4)/(-10). Let j be (-2 - 0) + (-7 - 0). Let a = j + s. Is a composite?
True
Suppose -3*o - 2*i - 271 = 0, 2*o + 3*o = 5*i - 485. Let t = 38 - o. Is t prime?
True
Suppose -2*l = 4*z + 16, -3*l = 2*l + 5*z + 20. Suppose l*v = 5*v - 170. Is v prime?
False
Let v be 54/12*(-8)/(-6). Let m be (-4)/(-6) + 188/6. Let k = m - v. Is k a composite number?
True
Let c(a) be the second derivative of 0 + 1/12*a**4 - 1/2*a**3 - 3/2*a**2 - 3*a. Is c(5) composite?
False
Suppose 0*x = -4*x + 4*y + 1592, 3*x = 4*y + 1195. Is x prime?
True
Let s = 1555 - 888. Is s prime?
False
Let n(y) = -y - 4. Let f be n(-3). Is -11*(-3 - -6)*f composite?
True
Suppose -5*y + 2*w + 51 = -59, 4*y - w = 91. Suppose -2*g + 4*g + 24 = 4*b, -2*b = -4*g - y. Suppose -b*m + 128 = 36. Is m a prime number?
True
Suppose -r + 146 = -189. Is r prime?
False
Suppose -3*d + g = -7, -2*g = 2*d - g - 13. Suppose -d*j - 76 = -6*j. Is j prime?
False
Suppose -3177 = -3*b - 4*v, 2*b = -0*b + 2*v + 2104. Suppose 2*i = -3*i + b. Is i composite?
False
Let q(p) = -p**3 - 7*p**2 - 10*p + 1. Let x = 17 + -25. Is q(x) prime?
False
Let g be (-6)/(-24) - 37/4. Let h = g + 94. Is h composite?
True
Let o(w) = w**3 - 8*w**2 + 8*w - 2. Let a be o(7). Let p be ((-36)/30)/(2/a). Is 28/((-4)/6*p) a composite number?
True
Let j be (1/3)/((-1)/(-6)). Let o(y) = j - 5 + 3*y + 5*y. Is o(7) a prime number?
True
Let n be (-333)/(-5) - (-2)/5. Let i = 2 + n. Is i a prime number?
False
Let t be ((-13)/(-1))/((-11)/121). Let h = t + 286. Is h a prime number?
False
Let h(n) = -n**3 - 5*n**2 - 2*n - 7. Suppose -4 = g + 1. Let a be h(g). Suppose -a*j + 6 = -j. Is j a prime number?
True
Let l be 501/33 + (-2)/11. Let c = l - 1. Is c composite?
True
Suppose 3*c + 4 + 0 = 2*n, -2*c - 5*n = -29. Suppose -c*y - 75 = 5*x - 0*y, 5*x = 2*y - 75. Let r = 36 + x. Is r composite?
True
Suppose 2*d + u - 180 = d, -5*d = 3*u - 890. Let n = d - 98. Is n composite?
True
Suppose 3 = 3*t + 3*g, -2*g + 3 - 8 = -5*t. Let r be (t + -1)/(1 - -2). Suppose r = -c - 22 + 225. Is c a composite number?
True
Let u(x) = -1. Let q(n) = -n - 14. Let s(g) = -q(g) - 3*u(g). Let c be s(-7). Suppose 2*z - c = z. Is z prime?
False
Suppose -5*p + 0*d + d + 22 = 0, 5*d + 2 = -2*p. Suppose p*i - 146 = 618. Is i a prime number?
True
Suppose 3*o + u = -33, 5*u - u = 0. Let s = o + 26. Suppose -31 = -2*k + s. Is k a prime number?
True
Suppose 0 = 2*u + 260 + 280. Is (u/4 + 2)*-2 composite?
False
Suppose 11052 = -5*i - 10628. Is (1/2)/((-8)/i) composite?
False
Let g(p) = 13*p - 1. Let h be g(1). Suppose 0 = -4*c - h, 2*u + 2*u + c = 209. Is u prime?
True
Suppose -3*i = -156 - 9. Is i a prime number?
False
Suppose -714 - 814 = -4*d. Suppose d = 5*p + q, p - 65 = -0*p - 4*q. Is p a prime number?
False
Suppose -7945 = -8*o + o. Is o a prime number?
False
Let m(n) = -n - 6. Let z be m(-6). Suppose -3*k = z, 576 + 289 = i - 5*k. Is i prime?
False
Let u = -2 - -16. Is u*((-11)/(-2) - -1) prime?
False
Let h be -1*4 - 9/(-3). Is (2 + (2 - 195))*h prime?
True
Suppose -27*h - 2859 = -30*h. Is h prime?
True
Suppose 5*v - 57 = 4*c, 0 = 2*v + 5*c - c - 6. Is v composite?
True
Suppose 5*q - 16 - 4 = 0. Suppose -q*r + 265 = r. Is r a prime number?
True
Let u(k) = -384*k - 2. Is u(-2) prime?
False
Let d = 7 + -5. Let r(q) = -q**2 + 19*q - 23. Let j be r(10). Is (j/4)/(d/8) a prime number?
True
Suppose p + 2*p = 3207. Is p composite?
False
Suppose -3*u + 4 - 16 = 0. Let c = 7 + u. Suppose -4*a - 2*x + 240 = 0, 0 = -0*x + c*x - 6. Is a prime?
True
Suppose 2*b + 0 = 18. Is 1/((b/69)/3) a prime number?
True
Let g(w) = -14*w**3 + 6*w**2 - 12*w - 9. Is g(-7) a composite number?
False
Let g be ((-1)/2 - 1)*-2. Suppose -4*n + 182 - 86 = 0. Suppose x = -g*x + n. Is x composite?
True
Let u(s) = 2*s**2 + 19*s - 3. Is u(22) prime?
False
Suppose l + 1 = 4*w + 3, -w = 3*l - 6. Suppose 4*n + 721 = 3*t, -t - 3*t - 2*n + 954 = w. Is t composite?
False
Is 1 + 1 - -6*(-1946)/(-4) prime?
False
Let h(b) be the first derivative of -3/2*b**2 - 8*b - 4. Is h(-10) a composite number?
True
Suppose 2*n = 5*b - 4 - 6, -5*b = -3*n - 10. Suppose t + 0*t - 35 = n. Is -1 + (t - (5 + -2)) composite?
False
Let a(b) = 6*b**2 + 3*b + 2. Is a(7) a prime number?
True
Is ((-2)/4)/(0 + (-3)/78) a composite number?
False
Let j(q) = q**2 - 7*q - 6. Suppose 4 = -4*d, -2*a + 6 = 5*d + 39. Let f = 22 + 